z(-7)?
1
Let n(t) be the third derivative of -1/24*t**4 + 0 + 16*t**2 + 0*t + 4/3*t**3. Let x(f) = -f**3 + 19*f**2 - 4*f + 81. Let l be x(19). What is n(l)?
3
Let j(n) = 2*n**2 - 46*n + 203. Let l(d) = 22*d - 1886. Let t be l(86). Calculate j(t).
-1
Suppose -2*b = -5*v - 77, -5*v - 36*b - 69 = -40*b. Let f(j) = j**3 + 17*j**2 - 42. Determine f(v).
-42
Let n(o) = o + 8. Suppose 70 - 108 = -2*c. Suppose -c + 5 = 2*t. Determine n(t).
1
Let c(v) = -139*v**3 - 3*v**2 - 8*v - 3. Let l(m) = -254*m**3 - 6*m**2 - 15*m - 6. Let d(j) = 11*c(j) - 6*l(j). What is d(-2)?
51
Suppose -3*h - 19 = h - 5*g, -5*h + 2*g - 45 = 0. Let l(c) be the first derivative of c**4/4 + 4*c**3 + 6*c**2 - 5*c - 4076. What is l(h)?
-16
Let u(o) be the first derivative of -34 - o**2 - 1/3*o**3 - 23*o. Let p(l) be the first derivative of u(l). Calculate p(-4).
6
Let a(o) = -11*o - 1. Let z(m) = -61*m + 18. Let j(f) = 6*a(f) - z(f). Determine j(-4).
-4
Let z be -10 + (-13)/((-130)/30). Let y(k) = -k - 24. What is y(z)?
-17
Let r(p) = 3*p**2 + 62*p - 417. Let i be r(-26). Let o(g) = 80*g**2 + 1. Determine o(i).
81
Let q(m) be the third derivative of -m**6/120 + 17*m**5/60 - 2*m**4/3 + 4*m**3 + 305*m**2 - 4*m. Calculate q(16).
24
Let q(t) be the first derivative of -3/2*t**2 + 4*t + 1/3*t**3 - 278. Let n(d) = -d**3 - d**2 + d - 3. Let w be n(0). Determine q(w).
22
Let m(d) = -d**3 + 3*d**2 + 4*d - 2. Suppose -5*l + 0*l + 440 = 0. Let c be 5/(-10) + (-501)/6. Let q = l + c. What is m(q)?
-2
Suppose -2*g - 32 = 25*l - 27*l, l + 2 = 4*g. Let k(r) = r**2 - 38*r + 355. Give k(l).
3
Let p(q) = q**3 - 7*q**2 - 6*q + 4. Let s(o) = 12*o + 72. Let v be s(-6). Suppose v = -2*w + y + 21, 5*w - 46 + 21 = -3*y. What is p(w)?
20
Suppose -7051*s = -7067*s. Let k(j) = 7*j + 10. Determine k(s).
10
Let m(l) = 51*l**2 + 2*l - 1. Let k be m(-2). Let n = k - 208. Let u(o) = -o**3 - 9*o**2 + o + 8. Give u(n).
-1
Suppose 2340 = 17*w + 3*w. Let m(a) = 118 - 2*a**3 - 232 + 5*a**2 - 3*a + w. Give m(3).
-15
Let b(y) = -21 - 3 - y - 5. Let g(p) = p**3 - 43*p**2 + 307*p - 34. Let h be g(34). What is b(h)?
-29
Let k(w) = -38 + w**2 + 48 - 5*w - 5*w - 4*w. Let d = -9477 - -9487. What is k(d)?
-30
Let q(y) be the first derivative of y**4/2 + 4*y**3/3 + 4*y + 2. Suppose 7*d = 5*j + 6*d + 7, 5 = 2*j - 3*d. Let f be 6 + -11 + (-4)/j. Calculate q(f).
-14
Let t(x) = 2*x + 6. Let f = -611 - -616. Let i be (-817)/95 + 3/f. Give t(i).
-10
Let d(t) = -7*t + 96. Let k be (-483)/92*64/(-24). What is d(k)?
-2
Let f(j) = 2*j**3 - 7*j + 2. Let d be f(2). Let p(r) = 6*r - 5. Let i(a) = -4*a + 4. Let t(w) = -4*i(w) - 3*p(w). Determine t(d).
-9
Suppose -409 = -5*v - m, 4*m + 227 = -v + 4*v. Let f(i) = 35 - v + 10 + 2*i. Let a be f(17). Let t(r) = -9*r - 3. What is t(a)?
15
Let m(t) = t**3 + 4*t**2 - 2*t - 4. Suppose 6*y = 34*y + 56. Calculate m(y).
8
Let x(u) = 2*u - 102. Let c be x(19). Let l be (c/28)/((-16)/56). Let q(m) = -m**2 + 9*m - 3. Calculate q(l).
5
Let f(w) = -w**2 + 18*w - 1 - w**2 + 21*w - 67*w + 21*w. Let u be ((-3)/(-6))/((-1)/(-6)). Let j be 1 + (-5 - (u - 2)). Give f(j).
-16
Let v(z) = 134 + 12*z - 171 + 4*z. Give v(2).
-5
Let f(m) = 7*m + 43*m**2 - m**3 - 48*m**2 + 898 - 900. Give f(-6).
-8
Let j(i) = 59*i + 57. Let y(o) = -21*o - 19. Let n(a) = -3*j(a) - 8*y(a). Give n(-6).
35
Let n(i) = -5*i**3 + 3*i**2 - 2. Let m be n(-1). Let c(r) = -r**2 - r + 6. Let d(x) = 7*x**2 + 13*x - 28. Let a(z) = m*c(z) + d(z). Calculate a(-6).
2
Suppose -7*i + 5 = -779. Suppose -6*l + 2*l + i = 0. Let s be 2 + (2/4)/(2/l). Let c(a) = -a + 11. Calculate c(s).
2
Let o(v) = 5*v - 123. Let b(d) = 6*d - 141. Let w(x) = -7*b(x) + 8*o(x). What is w(9)?
-15
Suppose -5*r + 239 = -5*h - 546, h + 5*r = -175. Let y = h + 167. Let p(x) = -x**2 + 7*x - 1. Calculate p(y).
-1
Suppose -4*c - 3*j = -17, -6 = -j - j. Let d(x) = x**3 - 2*x**2 - 2*x + 2. Let q be d(c). Let r(k) = 4*k**3 + 3*k**2 + 2*k + 3. Calculate r(q).
-21
Let m be (7 + (0 - 0) - 3)/2. Suppose m*g - 5*b - 22 = -g, 0 = 5*g - 3*b - 26. Let h(k) = -5 + 10 + 0*k**2 + g*k - k**2 - 2. What is h(5)?
-2
Let b(a) = a**3 - a**2 + a - 5. Suppose 0 = -v + 4*d + 48, -5*d + 3*d = 5*v - 306. Suppose f + v = 7*f. Suppose 10 - f = -5*r. Calculate b(r).
-5
Let s(h) = -5*h + 9. Suppose -2 = -64*m + 27*m + 146. Give s(m).
-11
Let a = -177/17 - -473/34. Let x(m) be the first derivative of -a*m**2 + 24 - m + 5/3*m**3 + 1/4*m**4. Give x(-6).
5
Suppose w + 15 = -3*s, 108*w - 104*w + 33 = -3*s. Let l(q) = -3*q**2 - q**2 - 10*q + 3*q**2 - 7. Determine l(w).
17
Let s(z) = -9*z - z**2 - 2*z**2 + z**3 - 4*z**2 - 505 + 532. What is s(8)?
19
Let t(z) be the second derivative of z**5/20 - 7*z**4/12 + z**3 - z**2 + 12*z. Suppose 0*i - 4*i + 20 = 0. Suppose -i*u + 0 = -30. Give t(u).
-2
Let l(p) = -p**2 - p. Let n(q) = 3*q**2 - 6*q - 1. Let b(t) = -2*l(t) - n(t). Let h = -26110 + 26116. Determine b(h).
13
Suppose 17*p - 19*p = -20. Let s be (-8)/p + (-8)/(-10). Suppose s = 2*o - 5*o + 6. Let z(t) = -5*t + 2. Calculate z(o).
-8
Let o(z) = 23*z**2 + 6*z - 8. Let f(j) = -7*j**2 + j. Let m(s) = 3*f(s) + o(s). Calculate m(-7).
27
Let l(k) = 172*k - 1026. Let p be l(6). Let o(u) = u**3 - 6*u**2 - 5*u + 14. What is o(p)?
-16
Suppose 3*x - 46 = 2*w, 0 = 2*x - 4*x + w + 30. Let d(g) = 13 - 16*g - 30*g**2 + 31*g**2 - 13 + 8 + 13. Give d(x).
-7
Let l(j) = j**3 - 6*j**2 + 26*j. Let o be (-42)/7 - (-29)/((-203)/(-84)). Give l(o).
156
Let q(g) = -6*g - 1. Suppose -a + 16 - 15 = 0. Let k be ((-5)/(-2))/(a*2/20). Let r = 24 - k. Give q(r).
5
Suppose -4*d + n = -12, d - 5*n - 16 = 3*d. Let j(m) = -1 + 4 - 3*m**2 + 4*m**d - 2. Suppose -6*a - 5 - 7 = 0. Determine j(a).
5
Let p(l) = -8*l - 5. Suppose 1615*r = 1635*r + 220. What is p(r)?
83
Suppose 0 = -q - q + 4*g + 32, -3*g - 9 = 0. Let x(p) = -p - 43 + 93 - 42. Calculate x(q).
-2
Let n(g) = g**3 - 2*g**2 - 6*g. Let t(w) be the second derivative of -w**3/6 - w**2/2 - 2*w + 26. Let l(h) = n(h) - 3*t(h). Give l(3).
3
Suppose 2*z - 53 = -37. Suppose -7 - z = -5*i. Let c be (7/i - 2)*-9. Let a(f) = f**3 + 4*f**2 + f - 4. Determine a(c).
2
Suppose 5*i = -5*c + 20, 4 = 8*i - 11*i + c. Let p(r) = r**2 + 5*r - 5. Determine p(i).
-5
Let b(f) be the first derivative of f**3/3 + 57*f + 291. Give b(0).
57
Suppose 0 = 3*g - 2*t - 2*t + 31, 2 = -2*g - 2*t. Let l = 69 + -70. Let y(i) = i + 3. Let a(d) = 1. Let k(n) = l*a(n) - y(n). Calculate k(g).
1
Let o be (13 - 182/13)/(4/28). Let k(t) = -t**2 - 6*t + 4. What is k(o)?
-3
Let l(g) = -g + g - 5 + 4 - g. Suppose 3*k - 25 = -1. Let y be 6 - (k/20 + (-2)/5). Give l(y).
-7
Let c = -82 - -46. Let a be (-1 + (-2)/3)/(30/c). Let g(f) = -f + 5. Let z be g(a). Let x(h) = h**3 - 2*h**2 - 2*h - 1. What is x(z)?
2
Let d(n) = 14*n + 81. Let q be (-6)/(15/195*13). What is d(q)?
-3
Let y(s) = -24*s**2 + 67*s - 2. Let g be y(3). Let m be -19 - g - (2 - 3). Let u(c) = -5*c**2 + 3*c + 3. Give u(m).
-5
Suppose -31*q + 2*q + 87 = 0. Let v(s) = -q*s - 17*s + s. Let o(t) = -2*t**2 + 1. Let l be o(-1). Calculate v(l).
19
Let g(m) = -16*m**2 + 3*m + 5. Let h be (-36)/(-27) - 57/9. Let d(n) = -12*n**2 + 2*n + 3. Let z(l) = h*g(l) + 8*d(l). Calculate z(1).
-16
Let i(x) = x + 44. Suppose -101 + 309 = -5*k - 47. Calculate i(k).
-7
Let b(l) = 466*l - 51. Let j(p) = 847*p - 92. Let t(f) = -20*b(f) + 11*j(f). Let n = 4 - 4. Determine t(n).
8
Let g(w) = w + 1. Let d be (-15)/(-3)*(1 + 4). Suppose 5*a + d = 4*z, 5*z - 9*z = -20. Let k(q) = 4*q + 13. Let r(p) = a*k(p) + 6*g(p). Give r(5).
3
Let k(i) = 40*i + 5. Let t(w) = -5*w**3 - 25*w**2 - w - 3. Let b be t(-5). Determine k(b).
85
Let u(w) be the third derivative of -7/3*w**3 - 150*w**2 + 0*w + 0 - 5/24*w**4 + 1/60*w**5. What is u(8)?
10
Let r = -246 + 249. Let s be (-3)/(-2)*(-16)/(-6). Let d(t) = r - 4*t + t + 0*t + s*t. Calculate d(6).
9
Suppose 116*s = -574 + 2082. Let g(l) be the third derivative of l**6/120 - l**5/5 - l**4/2 - l**3 + l**2. What is g(s)?
7
Suppose 0 = 4*y + 203 - 79. Let d be y/(-93) - (-2)/3 - -1. Let f(o) = -10*o + 4. Determine f(d).
-16
Let c(j) = -j**3 - 10*j**2. Let r be 1 - -25 - (-3 - (3 + -8)). Suppose 15*w + 126 = -r. What is c(w)?
0
Let y(u) = 33*u**3 - 2*u**2 + 6*u - 8. Let a(i) = -7*i**3 + i**2 - i + 2. Let l(f) = -5*a(f) - y(f). What is l(3)?
22
Let f(x) be the first derivative of 69*x**2/2 +